{"id":181,"date":"2021-05-07T16:44:47","date_gmt":"2021-05-07T14:44:47","guid":{"rendered":"https:\/\/medicalvision.bedesign.cz\/medicalvision\/?page_id=181"},"modified":"2021-05-07T16:46:28","modified_gmt":"2021-05-07T14:46:28","slug":"aktuality","status":"publish","type":"page","link":"https:\/\/medicalvision.bedesign.cz\/medicalvision\/aktuality\/","title":{"rendered":"Aktuality"},"content":{"rendered":"\t\t<div data-elementor-type=\"wp-page\" data-elementor-id=\"181\" class=\"elementor elementor-181\" data-elementor-post-type=\"page\">\n\t\t\t\t\t\t\t\t\t<section class=\"elementor-section elementor-top-section elementor-element elementor-element-ee313d3 elementor-section-boxed elementor-section-height-default elementor-section-height-default\" data-id=\"ee313d3\" data-element_type=\"section\">\n\t\t\t\t\t\t<div class=\"elementor-container elementor-column-gap-default\">\n\t\t\t\t\t<div class=\"elementor-column elementor-col-100 elementor-top-column elementor-element elementor-element-5f35e45\" data-id=\"5f35e45\" data-element_type=\"column\">\n\t\t\t<div class=\"elementor-widget-wrap elementor-element-populated\">\n\t\t\t\t\t\t\t\t<div class=\"elementor-element elementor-element-f7bca56 elementor-grid-4 elementor-grid-tablet-2 elementor-grid-mobile-1 elementor-posts--thumbnail-top elementor-card-shadow-yes elementor-posts__hover-gradient elementor-widget elementor-widget-posts\" data-id=\"f7bca56\" data-element_type=\"widget\" data-settings=\"{&quot;cards_columns&quot;:&quot;4&quot;,&quot;pagination_type&quot;:&quot;numbers&quot;,&quot;cards_columns_tablet&quot;:&quot;2&quot;,&quot;cards_columns_mobile&quot;:&quot;1&quot;,&quot;cards_row_gap&quot;:{&quot;unit&quot;:&quot;px&quot;,&quot;size&quot;:35,&quot;sizes&quot;:[]},&quot;cards_row_gap_tablet&quot;:{&quot;unit&quot;:&quot;px&quot;,&quot;size&quot;:&quot;&quot;,&quot;sizes&quot;:[]},&quot;cards_row_gap_mobile&quot;:{&quot;unit&quot;:&quot;px&quot;,&quot;size&quot;:&quot;&quot;,&quot;sizes&quot;:[]}}\" data-widget_type=\"posts.cards\">\n\t\t\t\t<div class=\"elementor-widget-container\">\n\t\t\t\t\t<div class=\"elementor-posts-container elementor-posts elementor-posts--skin-cards elementor-grid\">\n\t\t\t\t<article class=\"elementor-post elementor-grid-item post-414 post type-post status-publish format-standard has-post-thumbnail hentry category-instrumentarium\">\n\t\t\t<div class=\"elementor-post__card\">\n\t\t\t\t<a class=\"elementor-post__thumbnail__link\" href=\"https:\/\/medicalvision.bedesign.cz\/medicalvision\/jednorazove-nastroje\/\" tabindex=\"-1\" ><div class=\"elementor-post__thumbnail\"><img loading=\"lazy\" decoding=\"async\" width=\"300\" height=\"223\" src=\"https:\/\/medicalvision.bedesign.cz\/medicalvision\/wp-content\/uploads\/2021\/05\/consultation-with-ophthalmologist-eye-examination-clinic-kopie-300x223.jpg\" class=\"attachment-medium size-medium wp-image-418\" alt=\"\" srcset=\"https:\/\/medicalvision.bedesign.cz\/medicalvision\/wp-content\/uploads\/2021\/05\/consultation-with-ophthalmologist-eye-examination-clinic-kopie-300x223.jpg 300w, https:\/\/medicalvision.bedesign.cz\/medicalvision\/wp-content\/uploads\/2021\/05\/consultation-with-ophthalmologist-eye-examination-clinic-kopie-768x571.jpg 768w, https:\/\/medicalvision.bedesign.cz\/medicalvision\/wp-content\/uploads\/2021\/05\/consultation-with-ophthalmologist-eye-examination-clinic-kopie.jpg 1000w\" sizes=\"auto, (max-width: 300px) 100vw, 300px\" \/><\/div><\/a>\n\t\t\t\t<div class=\"elementor-post__badge\">Instrumentarium<\/div>\n\t\t\t\t<div class=\"elementor-post__text\">\n\t\t\t\t<h3 class=\"elementor-post__title\">\n\t\t\t<a href=\"https:\/\/medicalvision.bedesign.cz\/medicalvision\/jednorazove-nastroje\/\" >\n\t\t\t\tJednor\u00e1zov\u00e9 n\u00e1stroje\t\t\t<\/a>\n\t\t<\/h3>\n\t\t\t\t<div class=\"elementor-post__excerpt\">\n\t\t\t<p>Toto je uk\u00e1zkov\u00fd text, kter\u00fd bude nahrazen Va\u0161\u00edm. Toto je uk\u00e1zkov\u00fd text, kter\u00fd bude nahrazen Va\u0161\u00edm. Toto je uk\u00e1zkov\u00fd text, kter\u00fd bude nahrazen Va\u0161\u00edm. Toto<\/p>\n\t\t<\/div>\n\t\t\t\t<\/div>\n\t\t\t\t\t<\/div>\n\t\t<\/article>\n\t\t\t\t<article class=\"elementor-post elementor-grid-item post-415 post type-post status-publish format-standard has-post-thumbnail hentry category-instrumentarium\">\n\t\t\t<div class=\"elementor-post__card\">\n\t\t\t\t<a class=\"elementor-post__thumbnail__link\" href=\"https:\/\/medicalvision.bedesign.cz\/medicalvision\/ambulance\/\" tabindex=\"-1\" ><div class=\"elementor-post__thumbnail\"><img loading=\"lazy\" decoding=\"async\" width=\"264\" height=\"300\" src=\"https:\/\/medicalvision.bedesign.cz\/medicalvision\/wp-content\/uploads\/2021\/05\/ophtalmology-medical-equipment-eyes-examination-modern-device-clinic-kopie-2-264x300.jpg\" class=\"attachment-medium size-medium wp-image-416\" alt=\"\" srcset=\"https:\/\/medicalvision.bedesign.cz\/medicalvision\/wp-content\/uploads\/2021\/05\/ophtalmology-medical-equipment-eyes-examination-modern-device-clinic-kopie-2-264x300.jpg 264w, https:\/\/medicalvision.bedesign.cz\/medicalvision\/wp-content\/uploads\/2021\/05\/ophtalmology-medical-equipment-eyes-examination-modern-device-clinic-kopie-2-901x1024.jpg 901w, https:\/\/medicalvision.bedesign.cz\/medicalvision\/wp-content\/uploads\/2021\/05\/ophtalmology-medical-equipment-eyes-examination-modern-device-clinic-kopie-2-768x873.jpg 768w, https:\/\/medicalvision.bedesign.cz\/medicalvision\/wp-content\/uploads\/2021\/05\/ophtalmology-medical-equipment-eyes-examination-modern-device-clinic-kopie-2.jpg 1000w\" sizes=\"auto, (max-width: 264px) 100vw, 264px\" \/><\/div><\/a>\n\t\t\t\t<div class=\"elementor-post__badge\">Instrumentarium<\/div>\n\t\t\t\t<div class=\"elementor-post__text\">\n\t\t\t\t<h3 class=\"elementor-post__title\">\n\t\t\t<a href=\"https:\/\/medicalvision.bedesign.cz\/medicalvision\/ambulance\/\" >\n\t\t\t\tambulance\t\t\t<\/a>\n\t\t<\/h3>\n\t\t\t\t<div class=\"elementor-post__excerpt\">\n\t\t\t<p>Toto je uk\u00e1zkov\u00fd text, kter\u00fd bude nahrazen Va\u0161\u00edm. Toto je uk\u00e1zkov\u00fd text, kter\u00fd bude nahrazen Va\u0161\u00edm. Toto je uk\u00e1zkov\u00fd text, kter\u00fd bude nahrazen Va\u0161\u00edm. Toto<\/p>\n\t\t<\/div>\n\t\t\t\t<\/div>\n\t\t\t\t\t<\/div>\n\t\t<\/article>\n\t\t\t\t<article class=\"elementor-post elementor-grid-item post-410 post type-post status-publish format-standard has-post-thumbnail hentry category-instrumentarium\">\n\t\t\t<div class=\"elementor-post__card\">\n\t\t\t\t<a class=\"elementor-post__thumbnail__link\" href=\"https:\/\/medicalvision.bedesign.cz\/medicalvision\/operacni\/\" tabindex=\"-1\" ><div class=\"elementor-post__thumbnail\"><img loading=\"lazy\" decoding=\"async\" width=\"300\" height=\"300\" src=\"https:\/\/medicalvision.bedesign.cz\/medicalvision\/wp-content\/uploads\/2021\/05\/18966360-kopie-300x300.jpg\" class=\"attachment-medium size-medium wp-image-412\" alt=\"\" srcset=\"https:\/\/medicalvision.bedesign.cz\/medicalvision\/wp-content\/uploads\/2021\/05\/18966360-kopie-300x300.jpg 300w, https:\/\/medicalvision.bedesign.cz\/medicalvision\/wp-content\/uploads\/2021\/05\/18966360-kopie-150x150.jpg 150w, https:\/\/medicalvision.bedesign.cz\/medicalvision\/wp-content\/uploads\/2021\/05\/18966360-kopie-768x768.jpg 768w, https:\/\/medicalvision.bedesign.cz\/medicalvision\/wp-content\/uploads\/2021\/05\/18966360-kopie.jpg 1000w\" sizes=\"auto, (max-width: 300px) 100vw, 300px\" \/><\/div><\/a>\n\t\t\t\t<div class=\"elementor-post__badge\">Instrumentarium<\/div>\n\t\t\t\t<div class=\"elementor-post__text\">\n\t\t\t\t<h3 class=\"elementor-post__title\">\n\t\t\t<a href=\"https:\/\/medicalvision.bedesign.cz\/medicalvision\/operacni\/\" >\n\t\t\t\tOpera\u010dn\u00ed\t\t\t<\/a>\n\t\t<\/h3>\n\t\t\t\t<div class=\"elementor-post__excerpt\">\n\t\t\t<p>Toto je uk\u00e1zkov\u00fd text, kter\u00fd bude nahrazen Va\u0161\u00edm. Toto je uk\u00e1zkov\u00fd text, kter\u00fd bude nahrazen Va\u0161\u00edm. Toto je uk\u00e1zkov\u00fd text, kter\u00fd bude nahrazen Va\u0161\u00edm. Toto<\/p>\n\t\t<\/div>\n\t\t\t\t<\/div>\n\t\t\t\t\t<\/div>\n\t\t<\/article>\n\t\t\t\t<article class=\"elementor-post elementor-grid-item post-363 post type-post status-publish format-standard has-post-thumbnail hentry category-keraring\">\n\t\t\t<div class=\"elementor-post__card\">\n\t\t\t\t<a class=\"elementor-post__thumbnail__link\" href=\"https:\/\/medicalvision.bedesign.cz\/medicalvision\/keraring\/\" tabindex=\"-1\" ><div class=\"elementor-post__thumbnail\"><img loading=\"lazy\" decoding=\"async\" width=\"300\" height=\"199\" src=\"https:\/\/medicalvision.bedesign.cz\/medicalvision\/wp-content\/uploads\/2021\/05\/FOto_anel_2-300x199.jpg\" class=\"attachment-medium size-medium wp-image-364\" alt=\"\" srcset=\"https:\/\/medicalvision.bedesign.cz\/medicalvision\/wp-content\/uploads\/2021\/05\/FOto_anel_2-300x199.jpg 300w, https:\/\/medicalvision.bedesign.cz\/medicalvision\/wp-content\/uploads\/2021\/05\/FOto_anel_2-1024x681.jpg 1024w, https:\/\/medicalvision.bedesign.cz\/medicalvision\/wp-content\/uploads\/2021\/05\/FOto_anel_2-768x511.jpg 768w, https:\/\/medicalvision.bedesign.cz\/medicalvision\/wp-content\/uploads\/2021\/05\/FOto_anel_2-1536x1021.jpg 1536w, https:\/\/medicalvision.bedesign.cz\/medicalvision\/wp-content\/uploads\/2021\/05\/FOto_anel_2-2048x1362.jpg 2048w\" sizes=\"auto, (max-width: 300px) 100vw, 300px\" \/><\/div><\/a>\n\t\t\t\t<div class=\"elementor-post__badge\">Keraring<\/div>\n\t\t\t\t<div class=\"elementor-post__text\">\n\t\t\t\t<h3 class=\"elementor-post__title\">\n\t\t\t<a href=\"https:\/\/medicalvision.bedesign.cz\/medicalvision\/keraring\/\" >\n\t\t\t\tKeraring\t\t\t<\/a>\n\t\t<\/h3>\n\t\t\t\t<div class=\"elementor-post__excerpt\">\n\t\t\t<p>Toto je uk\u00e1zkov\u00fd text, kter\u00fd bude nahrazen Va\u0161\u00edm. Toto je uk\u00e1zkov\u00fd text, kter\u00fd bude nahrazen Va\u0161\u00edm. Toto je uk\u00e1zkov\u00fd text, kter\u00fd bude nahrazen Va\u0161\u00edm. Toto<\/p>\n\t\t<\/div>\n\t\t\t\t<\/div>\n\t\t\t\t\t<\/div>\n\t\t<\/article>\n\t\t\t\t<article class=\"elementor-post elementor-grid-item post-175 post type-post status-publish format-standard has-post-thumbnail hentry category-aktualita\">\n\t\t\t<div class=\"elementor-post__card\">\n\t\t\t\t<a class=\"elementor-post__thumbnail__link\" href=\"https:\/\/medicalvision.bedesign.cz\/medicalvision\/nove-nastroje\/\" tabindex=\"-1\" ><div class=\"elementor-post__thumbnail\"><img loading=\"lazy\" decoding=\"async\" width=\"300\" height=\"200\" src=\"https:\/\/medicalvision.bedesign.cz\/medicalvision\/wp-content\/uploads\/2021\/05\/optometrist-holding-messbrille-kopie-min-300x200.jpg\" class=\"attachment-medium size-medium wp-image-70\" alt=\"Medicalvision, p\u00e9\u010de o zrak\" srcset=\"https:\/\/medicalvision.bedesign.cz\/medicalvision\/wp-content\/uploads\/2021\/05\/optometrist-holding-messbrille-kopie-min-300x200.jpg 300w, https:\/\/medicalvision.bedesign.cz\/medicalvision\/wp-content\/uploads\/2021\/05\/optometrist-holding-messbrille-kopie-min-1024x683.jpg 1024w, https:\/\/medicalvision.bedesign.cz\/medicalvision\/wp-content\/uploads\/2021\/05\/optometrist-holding-messbrille-kopie-min-768x512.jpg 768w, https:\/\/medicalvision.bedesign.cz\/medicalvision\/wp-content\/uploads\/2021\/05\/optometrist-holding-messbrille-kopie-min-1536x1024.jpg 1536w, https:\/\/medicalvision.bedesign.cz\/medicalvision\/wp-content\/uploads\/2021\/05\/optometrist-holding-messbrille-kopie-min.jpg 1920w\" sizes=\"auto, (max-width: 300px) 100vw, 300px\" \/><\/div><\/a>\n\t\t\t\t<div class=\"elementor-post__badge\">Aktualita<\/div>\n\t\t\t\t<div class=\"elementor-post__text\">\n\t\t\t\t<h3 class=\"elementor-post__title\">\n\t\t\t<a href=\"https:\/\/medicalvision.bedesign.cz\/medicalvision\/nove-nastroje\/\" >\n\t\t\t\tNov\u00e9 n\u00e1stroje\t\t\t<\/a>\n\t\t<\/h3>\n\t\t\t\t<div class=\"elementor-post__excerpt\">\n\t\t\t<p>Toto je uk\u00e1zkov\u00fd text, kter\u00fd bude nahrazen Va\u0161\u00edm. Toto je uk\u00e1zkov\u00fd text, kter\u00fd bude nahrazen Va\u0161\u00edm. Toto je uk\u00e1zkov\u00fd text, kter\u00fd bude nahrazen Va\u0161\u00edm. Toto<\/p>\n\t\t<\/div>\n\t\t\t\t<\/div>\n\t\t\t\t\t<\/div>\n\t\t<\/article>\n\t\t\t\t<article class=\"elementor-post elementor-grid-item post-173 post type-post status-publish format-standard has-post-thumbnail hentry category-aktualita\">\n\t\t\t<div class=\"elementor-post__card\">\n\t\t\t\t<a class=\"elementor-post__thumbnail__link\" href=\"https:\/\/medicalvision.bedesign.cz\/medicalvision\/vedeli-jste\/\" tabindex=\"-1\" ><div class=\"elementor-post__thumbnail\"><img loading=\"lazy\" decoding=\"async\" width=\"264\" height=\"300\" src=\"https:\/\/medicalvision.bedesign.cz\/medicalvision\/wp-content\/uploads\/2021\/05\/ophtalmology-medical-equipment-eyes-examination-modern-device-clinic-kopie-min-264x300.jpg\" class=\"attachment-medium size-medium wp-image-71\" alt=\"Medicalvision, p\u00e9\u010de o zrak\" srcset=\"https:\/\/medicalvision.bedesign.cz\/medicalvision\/wp-content\/uploads\/2021\/05\/ophtalmology-medical-equipment-eyes-examination-modern-device-clinic-kopie-min-264x300.jpg 264w, https:\/\/medicalvision.bedesign.cz\/medicalvision\/wp-content\/uploads\/2021\/05\/ophtalmology-medical-equipment-eyes-examination-modern-device-clinic-kopie-min-901x1024.jpg 901w, https:\/\/medicalvision.bedesign.cz\/medicalvision\/wp-content\/uploads\/2021\/05\/ophtalmology-medical-equipment-eyes-examination-modern-device-clinic-kopie-min-768x873.jpg 768w, https:\/\/medicalvision.bedesign.cz\/medicalvision\/wp-content\/uploads\/2021\/05\/ophtalmology-medical-equipment-eyes-examination-modern-device-clinic-kopie-min-1351x1536.jpg 1351w, https:\/\/medicalvision.bedesign.cz\/medicalvision\/wp-content\/uploads\/2021\/05\/ophtalmology-medical-equipment-eyes-examination-modern-device-clinic-kopie-min-1801x2048.jpg 1801w, https:\/\/medicalvision.bedesign.cz\/medicalvision\/wp-content\/uploads\/2021\/05\/ophtalmology-medical-equipment-eyes-examination-modern-device-clinic-kopie-min.jpg 1920w\" sizes=\"auto, (max-width: 264px) 100vw, 264px\" \/><\/div><\/a>\n\t\t\t\t<div class=\"elementor-post__badge\">Aktualita<\/div>\n\t\t\t\t<div class=\"elementor-post__text\">\n\t\t\t\t<h3 class=\"elementor-post__title\">\n\t\t\t<a href=\"https:\/\/medicalvision.bedesign.cz\/medicalvision\/vedeli-jste\/\" >\n\t\t\t\tV\u011bd\u011bli jste?\t\t\t<\/a>\n\t\t<\/h3>\n\t\t\t\t<div class=\"elementor-post__excerpt\">\n\t\t\t<p>Toto je uk\u00e1zkov\u00fd text, kter\u00fd bude nahrazen Va\u0161\u00edm. Toto je uk\u00e1zkov\u00fd text, kter\u00fd bude nahrazen Va\u0161\u00edm. Toto je uk\u00e1zkov\u00fd text, kter\u00fd bude nahrazen Va\u0161\u00edm. Toto<\/p>\n\t\t<\/div>\n\t\t\t\t<\/div>\n\t\t\t\t\t<\/div>\n\t\t<\/article>\n\t\t\t\t<article class=\"elementor-post elementor-grid-item post-171 post type-post status-publish format-standard has-post-thumbnail hentry category-aktualita\">\n\t\t\t<div class=\"elementor-post__card\">\n\t\t\t\t<a class=\"elementor-post__thumbnail__link\" href=\"https:\/\/medicalvision.bedesign.cz\/medicalvision\/novinka-v-oblasti-lecby-pacientu-s-keratokonem\/\" tabindex=\"-1\" ><div class=\"elementor-post__thumbnail\"><img loading=\"lazy\" decoding=\"async\" width=\"300\" height=\"200\" src=\"https:\/\/medicalvision.bedesign.cz\/medicalvision\/wp-content\/uploads\/2021\/05\/close-up-image-blue-human-eye-with-eyelashes-kopie-min-300x200.jpg\" class=\"attachment-medium size-medium wp-image-76\" alt=\"Medicalvision, p\u00e9\u010de o zrak\" srcset=\"https:\/\/medicalvision.bedesign.cz\/medicalvision\/wp-content\/uploads\/2021\/05\/close-up-image-blue-human-eye-with-eyelashes-kopie-min-300x200.jpg 300w, https:\/\/medicalvision.bedesign.cz\/medicalvision\/wp-content\/uploads\/2021\/05\/close-up-image-blue-human-eye-with-eyelashes-kopie-min-1024x683.jpg 1024w, https:\/\/medicalvision.bedesign.cz\/medicalvision\/wp-content\/uploads\/2021\/05\/close-up-image-blue-human-eye-with-eyelashes-kopie-min-768x512.jpg 768w, https:\/\/medicalvision.bedesign.cz\/medicalvision\/wp-content\/uploads\/2021\/05\/close-up-image-blue-human-eye-with-eyelashes-kopie-min-1536x1024.jpg 1536w, https:\/\/medicalvision.bedesign.cz\/medicalvision\/wp-content\/uploads\/2021\/05\/close-up-image-blue-human-eye-with-eyelashes-kopie-min.jpg 1920w\" sizes=\"auto, (max-width: 300px) 100vw, 300px\" \/><\/div><\/a>\n\t\t\t\t<div class=\"elementor-post__badge\">Aktualita<\/div>\n\t\t\t\t<div class=\"elementor-post__text\">\n\t\t\t\t<h3 class=\"elementor-post__title\">\n\t\t\t<a href=\"https:\/\/medicalvision.bedesign.cz\/medicalvision\/novinka-v-oblasti-lecby-pacientu-s-keratokonem\/\" >\n\t\t\t\tNovinka v oblasti l\u00e9\u010dby pacient\u016f s Keratokonem.\t\t\t<\/a>\n\t\t<\/h3>\n\t\t\t\t<div class=\"elementor-post__excerpt\">\n\t\t\t<p>Toto je uk\u00e1zkov\u00fd text, kter\u00fd bude nahrazen Va\u0161\u00edm. Toto je uk\u00e1zkov\u00fd text, kter\u00fd bude nahrazen Va\u0161\u00edm. Toto je uk\u00e1zkov\u00fd text, kter\u00fd bude nahrazen Va\u0161\u00edm. Toto<\/p>\n\t\t<\/div>\n\t\t\t\t<\/div>\n\t\t\t\t\t<\/div>\n\t\t<\/article>\n\t\t\t\t<article class=\"elementor-post elementor-grid-item post-168 post type-post status-publish format-standard has-post-thumbnail hentry category-aktualita\">\n\t\t\t<div class=\"elementor-post__card\">\n\t\t\t\t<a class=\"elementor-post__thumbnail__link\" href=\"https:\/\/medicalvision.bedesign.cz\/medicalvision\/navstivte-nas\/\" tabindex=\"-1\" ><div class=\"elementor-post__thumbnail\"><img loading=\"lazy\" decoding=\"async\" width=\"264\" height=\"300\" src=\"https:\/\/medicalvision.bedesign.cz\/medicalvision\/wp-content\/uploads\/2021\/05\/ophtalmology-medical-equipment-eyes-examination-modern-device-clinic-kopie-min-264x300.jpg\" class=\"attachment-medium size-medium wp-image-71\" alt=\"Medicalvision, p\u00e9\u010de o zrak\" srcset=\"https:\/\/medicalvision.bedesign.cz\/medicalvision\/wp-content\/uploads\/2021\/05\/ophtalmology-medical-equipment-eyes-examination-modern-device-clinic-kopie-min-264x300.jpg 264w, https:\/\/medicalvision.bedesign.cz\/medicalvision\/wp-content\/uploads\/2021\/05\/ophtalmology-medical-equipment-eyes-examination-modern-device-clinic-kopie-min-901x1024.jpg 901w, https:\/\/medicalvision.bedesign.cz\/medicalvision\/wp-content\/uploads\/2021\/05\/ophtalmology-medical-equipment-eyes-examination-modern-device-clinic-kopie-min-768x873.jpg 768w, https:\/\/medicalvision.bedesign.cz\/medicalvision\/wp-content\/uploads\/2021\/05\/ophtalmology-medical-equipment-eyes-examination-modern-device-clinic-kopie-min-1351x1536.jpg 1351w, https:\/\/medicalvision.bedesign.cz\/medicalvision\/wp-content\/uploads\/2021\/05\/ophtalmology-medical-equipment-eyes-examination-modern-device-clinic-kopie-min-1801x2048.jpg 1801w, https:\/\/medicalvision.bedesign.cz\/medicalvision\/wp-content\/uploads\/2021\/05\/ophtalmology-medical-equipment-eyes-examination-modern-device-clinic-kopie-min.jpg 1920w\" sizes=\"auto, (max-width: 264px) 100vw, 264px\" \/><\/div><\/a>\n\t\t\t\t<div class=\"elementor-post__badge\">Aktualita<\/div>\n\t\t\t\t<div class=\"elementor-post__text\">\n\t\t\t\t<h3 class=\"elementor-post__title\">\n\t\t\t<a href=\"https:\/\/medicalvision.bedesign.cz\/medicalvision\/navstivte-nas\/\" >\n\t\t\t\tNav\u0161tivte n\u00e1s\t\t\t<\/a>\n\t\t<\/h3>\n\t\t\t\t<div class=\"elementor-post__excerpt\">\n\t\t\t<p>Toto je uk\u00e1zkov\u00fd text, kter\u00fd bude nahrazen Va\u0161\u00edm. Toto je uk\u00e1zkov\u00fd text, kter\u00fd bude nahrazen Va\u0161\u00edm. Toto je uk\u00e1zkov\u00fd text, kter\u00fd bude nahrazen Va\u0161\u00edm. Toto<\/p>\n\t\t<\/div>\n\t\t\t\t<\/div>\n\t\t\t\t\t<\/div>\n\t\t<\/article>\n\t\t\t\t<\/div>\n\t\t\n\t\t\t\t<\/div>\n\t\t\t\t<\/div>\n\t\t\t\t\t<\/div>\n\t\t<\/div>\n\t\t\t\t\t\t\t<\/div>\n\t\t<\/section>\n\t\t\t\t\t\t\t<\/div>\n\t\t","protected":false},"excerpt":{"rendered":"","protected":false},"author":1,"featured_media":0,"parent":0,"menu_order":0,"comment_status":"closed","ping_status":"closed","template":"","meta":{"footnotes":""},"class_list":["post-181","page","type-page","status-publish","hentry"],"_links":{"self":[{"href":"https:\/\/medicalvision.bedesign.cz\/medicalvision\/wp-json\/wp\/v2\/pages\/181","targetHints":{"allow":["GET"]}}],"collection":[{"href":"https:\/\/medicalvision.bedesign.cz\/medicalvision\/wp-json\/wp\/v2\/pages"}],"about":[{"href":"https:\/\/medicalvision.bedesign.cz\/medicalvision\/wp-json\/wp\/v2\/types\/page"}],"author":[{"embeddable":true,"href":"https:\/\/medicalvision.bedesign.cz\/medicalvision\/wp-json\/wp\/v2\/users\/1"}],"replies":[{"embeddable":true,"href":"https:\/\/medicalvision.bedesign.cz\/medicalvision\/wp-json\/wp\/v2\/comments?post=181"}],"version-history":[{"count":7,"href":"https:\/\/medicalvision.bedesign.cz\/medicalvision\/wp-json\/wp\/v2\/pages\/181\/revisions"}],"predecessor-version":[{"id":188,"href":"https:\/\/medicalvision.bedesign.cz\/medicalvision\/wp-json\/wp\/v2\/pages\/181\/revisions\/188"}],"wp:attachment":[{"href":"https:\/\/medicalvision.bedesign.cz\/medicalvision\/wp-json\/wp\/v2\/media?parent=181"}],"curies":[{"name":"wp","href":"https:\/\/api.w.org\/{rel}","templated":true}]}}